 g(-5)?
-26
Let x(t) = -20621*t - 680525. Determine x(-33).
-32
Let w(s) = -s**3 - 21*s**2 + 30*s - 926. Give w(-21).
-1556
Let n(z) = 5*z**2 + 1443*z - 8641. What is n(6)?
197
Let b(z) = 8*z**3 + 24*z**2 + 83*z - 47. Determine b(-5).
-862
Let v(o) = -6*o**3 - 11*o**2 - 27*o + 11. Determine v(-4).
327
Let z(j) = j**2 - 567*j + 76719. Determine z(223).
7
Let o(l) = -665*l**3 - 35911*l**2 - 31*l + 1149. Determine o(-54).
-93
Let y(b) = -2*b**2 - 195*b - 1469. Determine y(-90).
-119
Let l(n) = n**3 - n**2 - 120*n - 874. What is l(14)?
-6
Let d(g) = -g**3 + 76*g**2 + 299*g - 9615. Give d(78).
1539
Let k(j) = 1526*j + 492901. Calculate k(-323).
3
Let q(g) = -28*g**2 - 467*g + 794. Calculate q(-18).
128
Let w(y) = -165*y - 580. Determine w(-7).
575
Let l(h) = -30738*h + 2366855. What is l(77)?
29
Let h(y) = -6*y**3 + 859*y**2 - 176*y + 4704. What is h(143)?
-15
Let p(s) = 3*s**2 - 4*s - 4088. Give p(47).
2351
Let b(m) = -m**2 + 2428*m - 155823. Calculate b(66).
69
Let n(t) = -t**3 + 58*t**2 - 35*t + 19. Give n(0).
19
Let a(l) = 7842*l - 92940. What is a(12)?
1164
Let u(y) = -82*y**2 - 1820*y + 10638. Give u(-27).
0
Let u(h) = h**2 + 639*h - 76420. Determine u(103).
6
Let w(p) = -5*p**2 - 424*p - 6003. What is w(-18)?
9
Let m(p) = -p**3 + 128*p**2 + 4538*p + 2364. Calculate m(157).
9
Let j(t) = -t**2 + 80*t - 231. What is j(-23)?
-2600
Let w(y) = -35*y**2 + 167*y + 421. Determine w(-2).
-53
Let v(h) = -2*h**2 + 63695*h - 127384. What is v(2)?
-2
Let f(v) = v**2 - 410236*v - 13538879. What is f(-33)?
-2
Let g(j) = -288239*j - 1441206. Give g(-5).
-11
Let k(s) = -5*s**2 + 230*s - 1048. Determine k(42).
-208
Let q(n) = 4*n**2 - 318*n - 3725. Give q(-11).
257
Let m(n) = n**3 + 9*n**2 + 31926*n + 351450. Give m(-11).
22
Let m(d) = 5271*d + 1138539. Give m(-216).
3
Let d(t) = t**3 + 11*t**2 - 640*t - 5336. Determine d(-8).
-24
Let z(w) = w**2 - 7908*w + 283388. Give z(36).
-4
Let g(l) = -2*l**3 + 57*l**2 - 312*l + 46. Determine g(10).
626
Let a(r) = 1106*r**2 + 12177*r + 122. What is a(-11)?
1
Let z(a) = -554*a - 184. Give z(4).
-2400
Let h(c) = 134*c**2 - 310*c - 1806. Determine h(5).
-6
Let q(f) = f**3 + 139*f**2 + 48*f + 6871. Determine q(-139).
199
Let t(r) = -4*r**3 + 469*r**2 - 512*r - 7887. What is t(116)?
1
Let p(v) = -73*v + 1267. What is p(18)?
-47
Let i(k) = -448*k - 188606. Calculate i(-421).
2
Let w(q) = q**2 - 112*q + 1854. Calculate w(91).
-57
Let h(x) = -16*x**2 - 893*x - 2550. What is h(-3)?
-15
Let f(k) = 2*k**2 + 35045*k + 210218. Determine f(-6).
20
Let s(k) = 10*k**3 + 4*k**2 - 2*k - 89. What is s(-5)?
-1229
Let i(n) = -6*n**2 - 240*n - 1310. Calculate i(-8).
226
Let t(r) = -r**3 - r**2 + 25659*r + 76976. Calculate t(-3).
17
Let v(g) = -g**2 + 35*g + 1018. What is v(57)?
-236
Let c(s) = 2*s**3 - 494*s**2 - 538*s + 132874. What is c(247)?
-12
Let o(c) = -10*c**3 + 92*c**2 + 7*c + 67. What is o(7)?
1194
Let g(x) = -6*x**2 + 6003*x - 100310. Calculate g(17).
7
Let r(v) = 1124*v - 152804. Give r(136).
60
Let h(q) = 41*q**2 + 1037*q + 305. What is h(-25)?
5
Let n(u) = -12771*u + 38720. Give n(3).
407
Let u(z) = -3*z**3 - 43*z**2 - 109*z - 177. Give u(-11).
-188
Let n(u) = -838*u**3 - 2*u**2 + 28*u + 28. Determine n(-1).
836
Let s(r) = r**3 - 52*r**2 + 9*r - 40. Calculate s(0).
-40
Let b(t) = -1433*t + 63206. Calculate b(44).
154
Let n(q) = 2*q**3 - 247*q**2 + 5539*q + 672. Determine n(94).
14
Let h(u) = 2864*u**2 + 461105*u + 164. Determine h(-161).
3
Let c(z) = -2*z**3 - 27*z**2 + 616*z + 8452. What is c(-14)?
24
Let w(b) = -2*b**3 - 240*b**2 + 6251*b + 419. What is w(-142)?
-7
Let z(r) = 4*r**2 - 50826*r - 254185. Calculate z(-5).
45
Let r(h) = -9*h**2 + 597*h + 9214. Calculate r(-13).
-68
Let m(f) = -f**2 + 149*f - 4494. Give m(96).
594
Let o(a) = 318*a - 26571. What is o(83)?
-177
Let h(z) = 2*z**3 + 2447*z**2 - 685494*z - 240. What is h(235)?
-5
Let q(d) = -4*d**2 - 1234*d - 89763. Give q(-191).
7
Let f(a) = 64*a**2 + 57251*a + 88410. What is f(-893)?
3
Let x(g) = -6335*g + 83279. What is x(13)?
924
Let r(x) = 12209*x - 280787. What is r(23)?
20
Let x(v) = 3302*v + 16469. Determine x(-5).
-41
Let v(b) = -58078*b + 522652. Determine v(9).
-50
Let a(s) = 17361*s - 8906196. Calculate a(513).
-3
Let q(f) = -f**2 - 7575*f + 342859. Calculate q(45).
-41
Let q(p) = p**2 + 55695*p + 222756. What is q(-4)?
-8
Let y(f) = -3205*f**2 - 6423*f + 4. Determine y(-2).
30
Let h(w) = 196*w + 13296. Determine h(-68).
-32
Let b(x) = x**3 - 8*x**2 + 5*x + 64. Calculate b(4).
20
Let t(w) = -6*w**3 + 134*w**2 - 670*w - 74. What is t(15)?
-224
Let x(d) = 4*d**2 + 246610*d - 246610. Determine x(1).
4
Let b(v) = -3*v**3 - 56*v**2 + 2379*v + 17. What is b(-39)?
17
Let d(j) = 4671*j + 74484. Determine d(-16).
-252
Let w(t) = -28331*t + 3116409. Calculate w(110).
-1
Let l(b) = -2*b**3 - 113*b**2 - 1522*b - 86. What is l(-22)?
2
Let m(w) = 713*w + 37059. Determine m(-52).
-17
Let u(t) = 920*t**3 + t**2 - 60*t - 59. Determine u(-1).
-918
Let a(z) = -z**3 - 26*z**2 - 197*z - 186. What is a(-16)?
406
Let p(f) = 287*f**2 - 118245*f + 416. What is p(412)?
4
Let q(c) = c**3 - 19*c**2 - 226*c + 88. Give q(-12).
-1664
Let c(n) = -3*n**2 - 578*n - 29. What is c(-191)?
926
Let k(u) = -3*u**3 - 30*u**2 - 108*u + 141. Calculate k(-10).
1221
Let m(k) = -k**2 - 132*k + 5265. Determine m(32).
17
Let v(y) = -2188*y + 32669. Calculate v(15).
-151
Let b(o) = -8*o**3 - 9934*o**2 - 39614*o - 10. Determine b(-4).
14
Let k(i) = -21461*i + 214227. What is k(10)?
-383
Let w(j) = 39*j**2 + 410*j - 2982. Give w(5).
43
Let a(v) = -315*v - 6911. Determine a(-22).
19
Let u(f) = -1132562*f - 9060491. Give u(-8).
5
Let x(o) = -18854*o - 282779. Determine x(-15).
31
Let z(r) = 9*r**2 - 313*r + 89. What is z(26)?
-1965
Let w(t) = -1437*t**2 + 615024*t + 5136. What is w(428)?
0
Let x(o) = -38*o**2 + 6594*o - 35276. Give x(168).
4
Let j(v) = -v**2 + 200*v + 81815. What is j(-203)?
6
Let y(h) = -556649*h - 18926077. Calculate y(-34).
-11
Let g(c) = -2925*c**2 - 8762*c + 13. Determine g(-3).
-26
Let o(j) = j**3 + 56*j**2 - 585*j - 19. Determine o(9).
-19
Let o(d) = 44180*d - 530143. Calculate o(12).
17
Let q(i) = i**3 + 76*i**2 - 405*i - 38. What is q(-81)?
-38
Let q(z) = 14*z + 376. Determine q(-7).
278
Let t(o) = -4677*o - 23415. Give t(-5).
-30
Let k(t) = 1107*t + 15572. Calculate k(-14).
74
Let q(j) = j**3 + 104*j**2 + 1221*j + 139235. Determine q(-105).
5
Let m(h) = h**3 - 20*h**2 + 47*h - 240. Determine m(20).
700
Let b(o) = -o**2 - 3643*o + 616396. What is b(162)?
-14
Let s(o) = -356*o - 58543. Determine s(-165).
197
Let r(q) = 95*q**2 + 450*q + 153. What is r(-9)?
3798
Let d(i) = 79*i + 601. Determine d(-10).
-189
Let t(o) = -o**2 - 1156*o - 29453. Calculate t(-26).
-73
Let y(s) = 614*s**2 + 736*s + 57. Give y(0).
57
Let x(s) = 219*s - 65767. Give x(302).
371
Let g(q) = q**3 - 247*q**2 + 15*q - 3699. Determine g(247).
6
Let r(o) = -103*o**2 + 136*o - 93. Give r(3).
-612
Let j(b) = -4791*b + 378540. Determine j(79).
51
Let r(u) = -21*u**3 - 3096*u**2 + 4881*u - 5365. Give r(-149).
-1
Let g(l) = -81*l - 6350. What is g(-65)?
-1085
Let p(f) = 2469*f**2 - 330847*f + 247. Determine p(134).
113
Let z(s) = 205*s**3 + 1025*s**2 - 41*s - 214. What is z(-5)?
-9
Let o(n) = 960*n - 5746. Determine o(6).
14
Let a(t) = 48*t**3 - 3740*t**2 - 320*t + 606. Give a(78).
-18
Let i(s) = -s**3 - 209*s**2 - 2560*s - 216. Calculate i(-13).
-60
Let f(m) = m**3 + 132*m**2 - 232*m + 4791. Determine f(-134).
-33
Let x(b) = -6277*b + 75371. Calculate x(12).
47
Let i(t) = t**2 + 17873*t - 125173. Give i(7).
-13
Let s(f) = 17106*f + 35343. Determine s(-2).
1131
Let q(b) = 2*b**2 - 866*b - 12084. Calculate q(-14).
432
Let r(t) = -3*t**2 + 134*t - 1676. What is r(12)?
-500
Let p(b) = -b**3 + 81*b**2 - 421*b - 364. Calculate p(6).
-190
Let p(z) = 1617*z - 6380. Calculate p(4).
88
Let r(p) = -6*p**2 - 2391*p - 53928. Determine r(-24).
0
Let j(s) = 3*s**2 + 297*s - 4581. Give j(14).
165
Let m(z) = 117*z - 13694. What is m(116)?
-122
Let r(v) = -8451*v + 26419. Calculate r(3).
1066
Let u(w) = w**3 + 170*w**2 + 3764*w + 2095. Determine u(-144).
-785
Let a(k) = 1896*k - 15231. Calculate a(8).
-63
Let j(a) = -a**3 + 35*a**2 - 2952*a + 111971. What is j(37)?
9
Let b(w) = w**2 - 616*w - 17978. Calculate b(-28).
54
Let k(b) = b**2